t the prime factors of 149970.
2, 3, 5, 4999
List the prime factors of 13362013.
7, 953, 2003
List the prime factors of 1776175.
5, 23, 3089
What are the prime factors of 62356?
2, 7, 17, 131
List the prime factors of 10068451.
10068451
What are the prime factors of 21609?
3, 7
What are the prime factors of 75758?
2, 37879
List the prime factors of 157080.
2, 3, 5, 7, 11, 17
List the prime factors of 818315.
5, 61, 2683
What are the prime factors of 9410810?
2, 5, 47, 20023
List the prime factors of 10549064.
2, 1318633
What are the prime factors of 656541?
3, 72949
What are the prime factors of 31900655?
5, 23, 71, 3907
List the prime factors of 867456.
2, 3, 251
List the prime factors of 22512994.
2, 7, 43, 37397
What are the prime factors of 16684660?
2, 5, 19, 23, 83
What are the prime factors of 361545?
3, 5, 24103
List the prime factors of 613790.
2, 5, 61379
What are the prime factors of 1265820?
2, 3, 5, 17, 73
What are the prime factors of 193005?
3, 5, 4289
What are the prime factors of 9325375?
5, 61, 1223
List the prime factors of 13041525.
3, 5, 7, 24841
What are the prime factors of 1290918?
2, 3, 215153
What are the prime factors of 25619?
11, 17, 137
What are the prime factors of 1088396?
2, 19, 14321
List the prime factors of 117029.
11, 10639
List the prime factors of 172705.
5, 13, 2657
List the prime factors of 11941222.
2, 373, 16007
List the prime factors of 8554370.
2, 5, 11, 19, 4093
What are the prime factors of 79361?
61, 1301
List the prime factors of 3174991.
43, 47, 1571
What are the prime factors of 368440?
2, 5, 61, 151
List the prime factors of 709049.
11, 73, 883
List the prime factors of 900395.
5, 31, 37, 157
List the prime factors of 289555.
5, 7, 8273
List the prime factors of 274075.
5, 19, 577
List the prime factors of 1377443.
19, 72497
List the prime factors of 286390.
2, 5, 13, 2203
List the prime factors of 1698747.
3, 463, 1223
What are the prime factors of 68864?
2, 269
List the prime factors of 138566.
2, 79, 877
List the prime factors of 9986489.
9986489
List the prime factors of 3628467.
3, 403163
What are the prime factors of 352086?
2, 3, 7, 83, 101
What are the prime factors of 11110773?
3, 107, 34613
What are the prime factors of 976975?
5, 39079
List the prime factors of 3140507.
3140507
What are the prime factors of 485941?
485941
What are the prime factors of 175274?
2, 11, 31, 257
What are the prime factors of 18706444?
2, 569, 8219
List the prime factors of 10535429.
10535429
What are the prime factors of 24231275?
5, 79, 12269
What are the prime factors of 256605?
3, 5, 17107
List the prime factors of 196664.
2, 13, 31, 61
What are the prime factors of 3575286?
2, 3, 11, 13, 463
What are the prime factors of 1357111?
7, 193873
What are the prime factors of 563076?
2, 3, 15641
List the prime factors of 179749.
179749
What are the prime factors of 62205?
3, 5, 11, 13, 29
What are the prime factors of 2464590?
2, 3, 5, 82153
List the prime factors of 2798766.
2, 3, 51829
List the prime factors of 905191.
7, 129313
What are the prime factors of 1475105?
5, 23, 101, 127
List the prime factors of 9064698.
2, 3, 67, 22549
List the prime factors of 12665778.
2, 3, 23, 91781
What are the prime factors of 24636036?
2, 3, 23, 89261
What are the prime factors of 905025?
3, 5, 11, 1097
What are the prime factors of 943730?
2, 5, 19, 4967
What are the prime factors of 5328852?
2, 3, 41, 10831
List the prime factors of 1709608.
2, 29, 7369
List the prime factors of 291601.
17, 1009
List the prime factors of 11027.
11027
What are the prime factors of 251561?
251561
List the prime factors of 3138941.
13, 89, 2713
What are the prime factors of 6056653?
6056653
What are the prime factors of 133176?
2, 3, 31, 179
What are the prime factors of 303886?
2, 11, 19, 727
What are the prime factors of 244523?
439, 557
What are the prime factors of 1784413?
313, 5701
List the prime factors of 12273869.
12273869
What are the prime factors of 502036?
2, 125509
List the prime factors of 173233.
107, 1619
What are the prime factors of 565588?
2, 141397
What are the prime factors of 467035?
5, 93407
List the prime factors of 1240551.
3, 13, 23, 461
What are the prime factors of 2694988?
2, 673747
What are the prime factors of 358070?
2, 5, 61, 587
List the prime factors of 402535.
5, 7, 31, 53
List the prime factors of 12156065.
5, 59, 89, 463
What are the prime factors of 122413?
163, 751
List the prime factors of 126429.
3, 17, 37, 67
List the prime factors of 1507808.
2, 47119
List the prime factors of 944455.
5, 188891
List the prime factors of 1537320.
2, 3, 5, 23, 557
What are the prime factors of 483127?
483127
What are the prime factors of 101820?
2, 3, 5, 1697
What are the prime factors of 854446?
2, 163, 2621
What are the prime factors of 105504?
2, 3, 7, 157
What are the prime factors of 24232553?
109, 222317
List the prime factors of 584249.
584249
What are the prime factors of 1901648?
2, 7, 16979
What are the prime factors of 25620734?
2, 17, 47, 16033
List the prime factors of 529447.
71, 7457
List the prime factors of 48871.
48871
What are the prime factors of 516029?
331, 1559
List the prime factors of 538508.
2, 61, 2207
What are the prime factors of 143706?
2, 3, 43, 557
List the prime factors of 92264.
2, 19, 607
What are the prime factors of 6412167?
3, 457, 1559
What are the prime factors of 79241?
79241
What are the prime factors of 1338693?
3, 446231
List the prime factors of 27335740.
2, 5, 139, 9833
List the prime factors of 166925.
5, 11, 607
What are the prime factors of 13786887?
3, 241, 19069
What are the prime factors of 2450661?
3, 816887
What are the prime factors of 83595?
3, 5, 5573
List the prime factors of 1457526.
2, 3, 7, 34703
List the prime factors of 14316507.
3, 176747
What are the prime factors of 15733747?
29, 151, 3593
What are the prime factors of 598360?
2, 5, 7, 2137
What are the prime factors of 484232?
2, 7, 8647
What are the prime factors of 17749907?
7, 51749
What are the prime factors of 270344?
2, 47, 719
What are the prime factors of 273714?
2, 3, 7, 19
List the prime factors of 92341.
107, 863
What are the prime factors of 12240347?
7, 23, 10861
What are the prime factors of 6790018?
2, 37, 91757
What are the prime factors of 171743?
11, 13, 1201
What are the prime factors of 4907?
7, 701
List the prime factors of 39397.
39397
List the prime factors of 1420000.
2, 5, 71
List the prime factors of 401763.
3, 157, 853
List the prime factors of 262275.
3, 5, 13, 269
List the prime factors of 6042485.
5, 59, 20483
What are the prime factors of 37396424?
2, 13, 359581
What are the prime factors of 3110180?
2, 5, 155509
What are the prime factors of 345570?
2, 3, 5, 11519
What are the prime factors of 15755892?
2, 3, 157, 8363
List the prime factors of 647592.
2, 3, 11, 223
List the prime factors of 758211.
3, 252737
List the prime factors of 543941.
127, 4283
What are the prime factors of 151566?
2, 3, 25261
What are the prime factors of 655633?
11, 19, 3137
List the prime factors of 919581.
3, 13, 17, 19, 73
List the prime factors of 721058.
2, 13, 27733
What are the prime factors of 624790?
2, 5, 43, 1453
What are the prime factors of 1806344?
2, 43, 59, 89
What are the prime factors of 2879760?
2, 3, 5, 13, 71
List the prime factors of 8775665.
5, 1755133
List the prime factors of 24558551.
947, 25933
What are the prime factors of 1512112?
2, 7, 23, 587
List the prime factors of 1055644.
2, 263911
List the prime factors of 4585675.
5, 31, 61, 97
What are the prime factors of 4231206?
2, 3, 7, 33581
What are the prime factors of 2170023?
3, 269, 2689
List the prime factors of 620388.
2, 3, 19, 907
List the prime factors of 639248.
2, 39953
List the prime factors of 301078.
2, 29, 179
List the prime factors of 85844.
2, 11, 1951
List the prime factors of 15905634.
2, 3, 37, 71647
List the prime factors of 6766470.
2, 3, 5, 19, 1319
List the prime factors of 144888.
2, 3, 6037
List the prime factors of 12563.
17, 739
List the prime factors of 386526.
2, 3, 7, 9203
What are the prime factors of 18750913?
18750913
List the prime factors of 198201.
3, 66067
What are the prime factors of 509002?
2, 13, 19577
List the prime factors of 549359.
41, 13399
What are the pri